 be 0*1/2 + 10. Calculate the highest common divisor of l and k.
10
Let w be (7 - 17)*(-2)/4. Suppose z = 2, 2*v = v + w*z - 3. What is the greatest common divisor of v and 35?
7
Let f = -73 + 40. Let l be (-22)/f*(-6)/(-4). What is the greatest common divisor of l and 5?
1
Suppose 21 + 15 = 2*c + 4*x, -4*c = x - 65. Let h be (-3045)/(-75) - 6/10. Calculate the greatest common factor of h and c.
8
Suppose -f = -6*f + 20. Let c(s) = s**2 - 4*s + 3. Let j be c(f). Let i be (-1)/j + 49/3. What is the greatest common divisor of i and 32?
16
Suppose 2*t = 36 + 30. What is the greatest common factor of 11 and t?
11
Let x(w) = -2*w. Let r be x(1). Let i = r - -52. Calculate the greatest common factor of i and 20.
10
Let d be ((-1)/(-2))/(3/114). Let o = 763 - 516. Let n = 437 - o. Calculate the highest common divisor of d and n.
19
Let z be (-1 + 1 - -7) + -2. Calculate the highest common divisor of z and 35.
5
Suppose 11*s - 354 = 174. Calculate the greatest common factor of s and 24.
24
Let v be (-2 - 0 - -4)/1. Let f be (-290)/(-20) - 1/v. Calculate the greatest common divisor of 154 and f.
14
Suppose 0 = 5*w + 1 - 11. Suppose -5*l = -2*q + 42, w*l + 6 + 14 = q. Calculate the highest common factor of 16 and q.
16
Let t = 1 + 2. Let f be (6/(-4))/(t/(-72)). What is the greatest common divisor of 9 and f?
9
Let n = 23 - 5. Let h = -15 + n. What is the highest common factor of 2 and h?
1
Let f(h) = -h**3 + 8*h**2 + 10*h. Let s(a) = -7 - a**2 - 7*a + 16*a + a. Let p be s(8). Let w be f(p). What is the highest common factor of 6 and w?
3
Suppose -d + 14 = -3*k + 3, 3*k - 19 = -5*d. Suppose -3*n = -6*r + r - 51, -r - 63 = -d*n. Calculate the highest common divisor of n and 8.
4
Let k(d) = -d + 5. Let o = -18 - -30. Suppose 5*y - o = 8. Let b be k(y). Calculate the greatest common divisor of 2 and b.
1
Suppose -5*q + 2*q + 99 = 4*s, q = 5. Suppose 0 = -0*w + w - 42. What is the greatest common factor of w and s?
21
Suppose h + 2*a - 4*a = 84, -4*h - 4*a = -360. Let l = 7 - -4. What is the greatest common factor of l and h?
11
Suppose -3*j = 2*j - 5*g - 215, 5*g = 5. Calculate the greatest common divisor of 22 and j.
22
Let l = -14 + 23. Let b(m) = m**2 + 8*m + 5. Let v be b(-8). Suppose 0 = v*f, -2*h - f = -4*h + 144. Calculate the greatest common factor of l and h.
9
Let q = 42 - 29. Let o(t) = -9*t + 7. Let x be o(-5). Calculate the greatest common divisor of x and q.
13
Suppose 54 = t + 18. What is the greatest common factor of 54 and t?
18
Let x(c) = 9*c**3 + c**2 - 2*c + 1. Let y = -6 + 9. Suppose y*s - 4 = -s. Let v be x(s). Calculate the greatest common factor of v and 18.
9
Let q = -37 - -59. What is the highest common divisor of 77 and q?
11
Let o(k) be the second derivative of -1/20*k**5 + 1/12*k**4 + 0 + 2/3*k**3 + 2*k + 3/2*k**2. Let b be o(-2). Calculate the highest common divisor of 28 and b.
7
Suppose 2*l - 28 - 8 = 0. Suppose -i + 0 = 10. Let y = 2 - i. Calculate the greatest common factor of y and l.
6
Let u = -8 + 30. What is the greatest common factor of 55 and u?
11
Let m(f) = 12*f**2 + f - 4. Let o be m(-5). Suppose 4*p = 12, -3*b = -0*b + p - o. Suppose 4*s - 6*s + b = 0. What is the greatest common divisor of 12 and s?
12
Suppose 0 = -3*w + 20 + 106. Calculate the greatest common divisor of w and 63.
21
Let l(o) = o + 8. Let m be l(6). Let z be ((-12)/m)/((-2)/14). Let h be (-1)/2 - (-147)/6. What is the highest common factor of h and z?
6
Suppose 4*g - 393 = -0*g - f, 5*g + f = 492. What is the greatest common factor of g and 11?
11
Suppose -5*n + 20 = 0, 0 = -4*b + n + 70 - 14. Suppose 4*i - 6 = 2*y + 76, -3*i = -4*y - 59. Let p = i - 6. Calculate the greatest common factor of p and b.
15
Let m = 11 - -5. Let k = 15 + -11. Calculate the greatest common divisor of m and k.
4
Suppose -22 - 128 = -3*h. Let i = 26 - 1. What is the highest common factor of h and i?
25
Suppose -3*m - 3*i - 2*i - 51 = 0, 3*i + 21 = -m. Let v be (m/(-10))/((-8)/(-140)). What is the greatest common divisor of v and 7?
7
Let r be -4 + 25 + (-3)/(-1). What is the highest common factor of r and 60?
12
Let w = -9 + 11. Suppose q = w*q - 77. Calculate the greatest common divisor of 11 and q.
11
Let h = 18 - 8. Suppose -2*k + 8 = 2. Suppose k*v + 2*v = 10. What is the greatest common factor of v and h?
2
Let h = 7 + -5. Let y be 2*((-14)/(-4) - h). Suppose y*z - 38 = z. Calculate the greatest common factor of 76 and z.
19
Let v(c) = -c**3 - 6*c**2 - 10*c - 20. Let b be v(-5). Calculate the greatest common factor of 45 and b.
5
Let a(o) = -o**2 - o + 5. Let r be a(4). Let x = 1 - r. What is the highest common divisor of x and 16?
16
Suppose -u + 57 = 3*o, -110 + 16 = -5*o - 2*u. What is the highest common factor of 40 and o?
20
Suppose -5*i + 40 = d, 2*d + 2*d - 32 = -4*i. Calculate the greatest common factor of 8 and i.
8
Suppose 0 = -s - 5*d + 15, -3*d - 10 = 2*s - 26. What is the highest common factor of 20 and s?
5
Let y be 8/(-3)*(-6)/(-4). Let g be (6/y - -1)*-2. What is the greatest common factor of 1 and g?
1
Let n be 3/12 + 279/(-12). Let c = 53 + n. Calculate the greatest common divisor of 12 and c.
6
Suppose -4*k + 87 = -g - 92, g = -4*k + 181. Let l = -17 - -26. Calculate the highest common divisor of k and l.
9
Suppose -3*i + 132 = -4*v, i + v = -0*v + 44. What is the highest common divisor of i and 4?
4
Suppose 0 = -2*h - h + 3*k + 84, 0 = 3*h + 3*k - 60. What is the greatest common factor of 8 and h?
8
Suppose 3*b = 36 - 6. Suppose -6*i + 4*i + 100 = 0. Calculate the greatest common factor of i and b.
10
Suppose 137 = 5*o - 43. Let w = 21 - 10. Suppose 3*m - o = j, -5*m = 5*j - w - 49. Calculate the highest common divisor of 3 and m.
3
Suppose 0*g = 5*g + 50. Let s be (1 - -14)*(-12)/g. What is the highest common divisor of s and 72?
18
Let a(t) = t**3 - 14*t**2 + 16. Let f be a(14). What is the highest common divisor of 40 and f?
8
Let g be ((-4)/2)/(26/(-65)). Suppose 3*n - 632 = -n. Suppose -g*f = 38 - n. What is the highest common divisor of f and 16?
8
Let j = 0 + 5. Let a(q) = -2*q**2 - 6*q - 5. Let s be a(-4). Let x = s + 18. Calculate the greatest common divisor of x and j.
5
Let u = 2 + 16. Calculate the highest common divisor of u and 27.
9
Let k = 111 - -159. Suppose -2*s - 3*s = -k. Suppose -s = -5*v + 2*v. What is the highest common divisor of v and 3?
3
Suppose -8 = -3*p + 4*t + 33, -3*p + 42 = -3*t. Suppose 0 + 2 = -r. Let u be (134 - r) + 0 + -1. Calculate the greatest common factor of u and p.
15
Let c be (15 - -1) + (-11 - -7). Calculate the greatest common factor of c and 84.
12
Let t = 16 + -11. Suppose 2*p = -6, -t*o - 2*p + 22 = -3*o. Calculate the highest common divisor of 154 and o.
14
Let s be (-2)/(-3) - (-264)/9. Suppose 26*p - 20 = 21*p. Suppose -131 = -3*z - p*x, -38 = -z + 5*x + 12. What is the greatest common factor of s and z?
15
Suppose 0 = -l - 3 + 1. Let i be (-4)/4*60/l. Let k(r) = 2*r - 8. Let b be k(7). What is the greatest common divisor of i and b?
6
Let g be ((-48)/(-14))/(4/14). Calculate the highest common divisor of g and 108.
12
Suppose -4*g = -4*l - 76, 0 = -4*g - 2*l - 3*l + 121. What is the greatest common factor of 16 and g?
8
Let o(w) = -4*w**3 - 2*w**2 - w. Let u be o(-1). Suppose 15 = 4*t + 51. Let z be ((-8)/12)/(1/t). What is the greatest common divisor of u and z?
3
Let v(k) = -36*k**2 + 51*k. Let h be v(1). Let y be (-4)/(-10) + 24/(-10). Let p be 2 - 2/(y/1). What is the greatest common factor of p and h?
3
Suppose 0 = 2*c + 3*c - 20. Suppose 7*r - c*r - 3*k = -3, 5*r - 3 = k. Let u be 12 - (0 + 0 - -1). What is the highest common divisor of u and r?
1
Let s be 18/3*(-1)/2. Let r be (s - 12)*(-18)/15. What is the highest common divisor of 9 and r?
9
Let u = 4 + -4. Let g = 1 + u. Let k = 10 - g. What is the greatest common factor of k and 6?
3
Suppose 3*a = -4*x + 139, 3*x = -2*a - 2*a + 176. Let y = a - -3. What is the greatest common divisor of 110 and y?
22
Let x be (-1)/3*(-37 + 4). What is the greatest common factor of x and 44?
11
Let g be 12/42 - 612/(-14). Let r = 13 + 9. Let z be ((-2)/4 - -1)*r. Calculate the greatest common divisor of g and z.
11
Let o = 12 - 9. Suppose -2*z = -5*n - 70, -o*z = 2*z - n - 129. Calculate the greatest common divisor of z and 10.
5
Suppose -2*i +